12
Calculate the remainder when 14885 is divided by 189.
143
What is the remainder when 28619 is divided by 124?
99
Calculate the remainder when 8605 is divided by 39.
25
Calculate the remainder when 1106224 is divided by 1106212.
12
Calculate the remainder when 2018 is divided by 30.
8
Calculate the remainder when 74802 is divided by 321.
9
What is the remainder when 97270 is divided by 94?
74
Calculate the remainder when 6726 is divided by 840.
6
What is the remainder when 572944 is divided by 190977?
13
What is the remainder when 9816 is divided by 32?
24
What is the remainder when 3686 is divided by 309?
287
What is the remainder when 92387 is divided by 590?
347
Calculate the remainder when 189819 is divided by 2833.
8
Calculate the remainder when 7969 is divided by 164.
97
What is the remainder when 11571 is divided by 1295?
1211
What is the remainder when 18958 is divided by 379?
8
Calculate the remainder when 295187 is divided by 2460.
2447
Calculate the remainder when 163428 is divided by 81683.
62
Calculate the remainder when 4746 is divided by 317.
308
Calculate the remainder when 6549 is divided by 270.
69
Calculate the remainder when 49282 is divided by 37.
35
What is the remainder when 7084 is divided by 969?
301
What is the remainder when 624812 is divided by 706?
2
What is the remainder when 6369 is divided by 110?
99
Calculate the remainder when 228017 is divided by 113948.
121
What is the remainder when 8575 is divided by 317?
16
Calculate the remainder when 841 is divided by 26.
9
What is the remainder when 59933 is divided by 19960?
53
Calculate the remainder when 70727 is divided by 270.
257
Calculate the remainder when 92416 is divided by 24.
16
What is the remainder when 5163 is divided by 311?
187
Calculate the remainder when 8045 is divided by 1990.
85
Calculate the remainder when 129740 is divided by 144.
140
Calculate the remainder when 3621 is divided by 352.
101
Calculate the remainder when 26119 is divided by 173.
169
What is the remainder when 11773 is divided by 151?
146
What is the remainder when 18805 is divided by 2349?
13
Calculate the remainder when 7487 is divided by 1393.
522
What is the remainder when 164777 is divided by 74?
53
What is the remainder when 1396 is divided by 213?
118
Calculate the remainder when 417 is divided by 79.
22
What is the remainder when 1455736 is divided by 363933?
4
Calculate the remainder when 261 is divided by 65.
1
Calculate the remainder when 79544 is divided by 39727.
90
Calculate the remainder when 824 is divided by 822.
2
Calculate the remainder when 32026 is divided by 32023.
3
Calculate the remainder when 12227 is divided by 101.
6
Calculate the remainder when 1205 is divided by 223.
90
What is the remainder when 5708 is divided by 1668?
704
Calculate the remainder when 22469 is divided by 22.
7
Calculate the remainder when 25783 is divided by 143.
43
Calculate the remainder when 465737 is divided by 78.
77
Calculate the remainder when 596445 is divided by 25.
20
Calculate the remainder when 19644 is divided by 156.
144
Calculate the remainder when 12913 is divided by 2581.
8
Calculate the remainder when 2448 is divided by 244.
8
What is the remainder when 10335 is divided by 2047?
100
What is the remainder when 3148 is divided by 54?
16
What is the remainder when 12304 is divided by 333?
316
What is the remainder when 22071 is divided by 2443?
84
Calculate the remainder when 16790 is divided by 8.
6
What is the remainder when 2105 is divided by 1949?
156
Calculate the remainder when 328439 is divided by 357.
356
Calculate the remainder when 3713 is divided by 935.
908
Calculate the remainder when 15658 is divided by 132.
82
Calculate the remainder when 95147 is divided by 20.
7
Calculate the remainder when 4633 is divided by 918.
43
Calculate the remainder when 13831 is divided by 374.
367
Calculate the remainder when 38094 is divided by 329.
259
Calculate the remainder when 107594 is divided by 114.
92
Calculate the remainder when 1032436 is divided by 258107.
8
What is the remainder when 3608 is divided by 132?
44
Calculate the remainder when 6843 is divided by 9.
3
What is the remainder when 269560 is divided by 22?
16
What is the remainder when 70587 is divided by 23400?
387
Calculate the remainder when 881 is divided by 139.
47
What is the remainder when 44924 is divided by 288?
284
Calculate the remainder when 67254 is divided by 33627.
0
What is the remainder when 1311 is divided by 131?
1
Calculate the remainder when 5409 is divided by 14.
5
What is the remainder when 87473 is divided by 19?
16
Calculate the remainder when 71874 is divided by 13.
10
Calculate the remainder when 25835 is divided by 207.
167
What is the remainder when 4101 is divided by 274?
265
What is the remainder when 22028 is divided by 5394?
452
What is the remainder when 105334 is divided by 77?
75
Calculate the remainder when 3213 is divided by 14.
7
Calculate the remainder when 206852 is divided by 59.
57
Calculate the remainder when 54863 is divided by 5485.
13
What is the remainder when 1283937 is divided by 7?
4
What is the remainder when 11346 is divided by 214?
4
Calculate the remainder when 20755 is divided by 5.
0
What is the remainder when 962 is divided by 407?
148
Calculate the remainder when 282710 is divided by 391.
17
Calculate the remainder when 5435 is divided by 160.
155
Calculate the remainder when 59414 is divided by 14.
12
What is the remainder when 21119 is divided by 10542?
35
Calculate the remainder when 15512 is divided by 61.
18
What is the remainder when 614050 is divided by 666?
664
What is the remainder when 29662 is divided by 784?
654
What is the remainder when 117027 is divided by 235?
232
Calculate the remainder when 25984 is divided by 24.
16
What is the remainder when 370877 is divided by 70?
17
Calculate the remainder when 54407 is divided by 54400.
7
What is the remainder when 98488 is divided by 118?
76
Calculate the remainder when 382660 is divided by 47.
33
Calculate the remainder when 132655 is divided by 201.
196
Calculate the remainder when 4805 is divided by 2385.
35
Calculate the remainder when 1229 is divided by 226.
99
Calculate the remainder when 21986 is divided by 141.
131
What is the remainder when 3233 is divided by 267?
29
What is the remainder when 995 is divided by 17?
9
What is the remainder when 21524 is divided by 46?
42
Calculate the remainder when 3354245 is divided by 6.
5
What is the remainder when 27329 is divided by 162?
113
Calculate the remainder when 18548 is divided by 35.
33
Calculate the remainder when 1752 is divided by 98.
86
What is the remainder when 4354152 is divided by 585?
582
What is the remainder when 18003 is divided by 71?
40
What is the remainder when 803 is divided by 274?
255
Calculate the remainder when 169907 is divided by 135.
77
Calculate the remainder when 1509376 is divided by 481.
479
What is the remainder when 140833 is divided by 800?
33
Calculate the remainder when 60124 is divided by 110.
64
Calculate the remainder when 322389 is divided by 107445.
54
Calculate the remainder when 16274 is divided by 3226.
144
Calculate the remainder when 6180 is divided by 1539.
24
Calculate the remainder when 11216 is divided by 401.
389
Calculate the remainder when 456198 is divided by 10.
8
What is the remainder when 9029 is divided by 1129?
1126
What is the remainder when 12932 is divided by 446?
444
What is the remainder when 10910 is divided by 204?
98
Calculate the remainder when 1076706 is divided by 9700.
6
Calculate the remainder when 10517 is divided by 5241.
35
Calculate the remainder when 8815 is divided by 4286.
243
What is the remainder when 5863 is divided by 5662?
201
What is the remainder when 3809 is divided by 240?
209
Calculate the remainder when 755 is divided by 270.
215
Calculate the remainder when 13395 is divided by 100.
95
What is the remainder when 1053121 is divided by 19?
8
What is the remainder when 9783 is divided by 9177?
606
What is the remainder when 4086 is divided by 1004?
70
What is the remainder when 116758 is divided by 30?
28
Calculate the remainder when 37731 is divided by 54.
39
What is the remainder when 2489 is divided by 2474?
15
What is the remainder when 250